 divided by 8.
7
Let a(i) = i + 1. Let g(j) = 10*j + 3. Let n(q) = -a(q) + g(q). Calculate the remainder when 98 is divided by n(2).
18
Let d(m) = 163 + 174 - 322 - m. Suppose -2*k = -3*k + 11. Calculate the remainder when 11 is divided by d(k).
3
What is the remainder when 94/6 + 27/81 is divided by 5?
1
Let f = -5 - 8. Let o(i) = -5*i**2 - 69*i + 17. Calculate the remainder when (f/(-2))/((-1)/(-2)) is divided by o(-14).
1
Let l = -98 - -170. Suppose 3*i - 192 = l. Suppose 4*a = 4 + i. What is the remainder when 91 is divided by a?
22
Suppose -15*x + 10*x + 325 = 0. Let y = x - 54. What is the remainder when 39 is divided by y?
6
Let r = -41 + 70. Let s = 1693 + -1677. What is the remainder when r is divided by s?
13
Suppose -3*o - l + 46 = 1, l = -4*o + 61. Suppose 4*y - 2*h = 48, h = -2*y + 4*h + o. Calculate the remainder when 26 is divided by y.
12
Suppose 83*r = 77*r + 12. Calculate the remainder when 4 is divided by r.
0
Calculate the remainder when 643 is divided by 11 + -7 - (-5 - -2).
6
Let s(m) = 16*m + 41. Calculate the remainder when s(3) is divided by (0 + 54/(-8))/((-3)/8).
17
Let n(k) = 6*k**2 + 25*k - 157. What is the remainder when n(6) is divided by 53?
50
What is the remainder when (3 + (5 - 1))/(2/10) is divided by 11?
2
Suppose -c - q - q = -27, -2*c - 2*q = -44. Let i = 47 - c. Calculate the remainder when 118 is divided by i.
28
Let n(y) = 3*y + 53. Suppose 0 = 5*z + 4*x - 50, -4*x + 20 = -0. Calculate the remainder when n(z) is divided by 25.
21
Let c(r) = -6*r - 380. What is the remainder when 159 is divided by c(-70)?
39
Suppose -6 = -33*g + 32*g + 5*b, 2*b - 10 = 0. Calculate the remainder when 1022 is divided by g.
30
Let r be ((-63)/(-42))/(2/144). Let k = r + -55. What is the remainder when k is divided by 642/24 + 2/8?
26
Let p = 48 + -48. Suppose p = 14*r - 16*r + 36. Calculate the remainder when 69 is divided by r.
15
Suppose 7*w + 6 = -85. Let o = w - -18. Suppose m - 49 = -4*h + 37, 4*m + o*h - 399 = 0. What is the remainder when m is divided by 27?
25
Let c(y) be the first derivative of 11*y**4/4 + 2*y**3/3 + y**2 - 2*y + 1. Calculate the remainder when c(2) is divided by 30 - (-10)/(3 + -4).
18
Suppose -2*p - 40 = -3*p - 3*f, 5*p = 4*f + 295. Calculate the remainder when 337 is divided by p.
7
Let f(z) = -4*z + 3*z - z + z. Calculate the remainder when (1 + 2)*1 + 7 is divided by f(-4).
2
Suppose 7*a = 22*a - 1530. What is the remainder when a is divided by 35?
32
Suppose 7*q - 24*q = -306. What is the remainder when q is divided by 3?
0
Suppose -53 = -5*u + 97. Suppose -m - 3*k + 25 = 0, 5*m - k - u = 3*k. Calculate the remainder when 37 is divided by m.
7
Let p(k) = 195*k + 111. Calculate the remainder when p(3) is divided by 16.
8
Suppose -2*y - 8 = 3*n, -9 = -n + 3*n + 5*y. What is the remainder when 37 is divided by 16 + -1 - ((-4)/n - 1)?
9
Let b be 8/(-40)*(2 - 12). Suppose 0 = 5*s + 2*p - 390, -4*s - 3*p + 145 = -2*s. Suppose -b*l - 2*l + s = 0. What is the remainder when l is divided by 11?
9
Let x = -4 + 9. Suppose 17*s - 5 = 16*s. Suppose s*d - 4*d - 2*k = 19, 0 = 4*d - k - 41. What is the remainder when d is divided by x?
4
Let i(t) = -t**3 + 2*t**2 + 24*t - 12. Calculate the remainder when 86 is divided by i(-5).
0
Suppose -c + 8 = c. Let t(u) = 6*u**2 + 2*u - 6. Let j be t(c). Suppose 3*h = -0*x - 5*x + j, 0 = 5*h + 20. What is the remainder when x is divided by 8?
6
Let o(n) = n**3 + 9*n**2 - 1. Let s be o(-9). What is the remainder when 54 is divided by s/(-2)*-10*-3?
9
Suppose -135 = -5*k - 10. Suppose -5*p = 3*u + 125, 2*u = p + 11 + 1. Let l = p + k. Calculate the remainder when 6 is divided by l.
0
Let j = -55 - -40. Let n(w) = w**2 + 13*w - 26. Let o(f) = f**2 + 3*f. Calculate the remainder when o(-5) is divided by n(j).
2
Suppose -v - 42 = -3*v. Let f be 1/3 - (-1114)/6. Suppose -3*a + 0*a = -f. Calculate the remainder when a is divided by v.
20
Let h(a) = -38*a - 97. Calculate the remainder when 1561 is divided by h(-3).
14
Let w = 51 - 46. Suppose -177 - 87 = -8*z. What is the remainder when z is divided by w?
3
Let o = 24 - 20. Suppose 3*f - 21 = -4*a, -2*f - 3 = f. What is the remainder when a is divided by o?
2
Suppose -5*g = 2*q - 32 - 21, -g = -5. What is the remainder when 27 is divided by q?
13
Let s(l) = l**2 + 15*l + 8. Let t be s(-7). Calculate the remainder when 34 is divided by (t/(-40))/(1/10).
10
Suppose -3*w + 171 = -2*h + 3*h, -5*w = 5*h - 865. Calculate the remainder when h is divided by 86.
2
Suppose 0 = -5*g - 5*q + 100, q - 58 = -5*g + 42. Let d = -3 + g. Suppose 2*p = 3*s + 137, -4*p + 4*s + 271 = -s. What is the remainder when p is divided by d?
13
Let i(d) = -16*d + 2. Let l = -28 - -61. Calculate the remainder when i(-6) is divided by l.
32
Let k(a) = a**3 - 53*a**2 - 55*a + 132. What is the remainder when 138 is divided by k(54)?
60
Let o(i) = -20*i + 91. Calculate the remainder when o(-7) is divided by 9.
6
Suppose 5*t - 11 = 9. Calculate the remainder when (5/t)/(8/544) is divided by 22.
19
Let b = -1167 + 1246. What is the remainder when 202 is divided by b?
44
Let l = 2115 + -2070. What is the remainder when 166 is divided by l?
31
Let z(y) = 6*y**2 - 22*y + 9. Calculate the remainder when 110 is divided by z(4).
8
Let y(v) = 3*v - 6. Let s(a) = -10*a + 19. Let j(n) = -4*s(n) - 14*y(n). Let i = -37 - -72. Calculate the remainder when i is divided by j(-5).
17
Suppose -206 - 126 = -4*w. Suppose u = -11 + w. Suppose 101 = 3*q + 2*n - n, -4*n = -2*q + u. Calculate the remainder when q is divided by 18.
16
Suppose 0*f + 60 = 5*f. Let x = 53 + -7. Calculate the remainder when x is divided by f.
10
Let f = -421 - -676. What is the remainder when f is divided by 26?
21
Suppose 366*r - 370*r + 176 = 0. Calculate the remainder when r is divided by 9.
8
Suppose x + 2*x - 5*b = -7, -16 = 3*x + 4*b. Let q(c) = 5*c**2 + 4*c + 5. Calculate the remainder when q(x) is divided by 18.
15
Let o(z) = 17*z + 1. Calculate the remainder when 53 is divided by o(1).
17
Suppose 0 = 3*l + 3*o - 99, -2*l + 117*o - 113*o = -42. What is the remainder when 76 is divided by l?
18
Let k(u) = -14 - 3*u + 11*u + 1 - 2. What is the remainder when k(4) is divided by 4?
1
Let p(f) = -f**3 + 7*f**2 + 3*f + 3. Let l be (8 - -13)*(1 - 2). Let y be 1/(3/l*-1). Calculate the remainder when p(y) is divided by 9.
6
Suppose 3*b = -4*l + 99, -3*l + 5*l + 132 = 4*b. Let w be (-7 + 2)/5*4. What is the remainder when b is divided by -2*(-2 - (-26)/w)?
16
Suppose 3*w - y = 2*y + 282, -2*w = -y - 189. Let l(x) = -x**3 - 45*x**2 - 89*x - 118. Calculate the remainder when w is divided by l(-43).
7
Let z be (1*105/4)/((-21)/(-56)). Let x be (1*-1)/((-4)/12). Suppose 0 = -x*f + z - 16. What is the remainder when 87 is divided by f?
15
Let f(m) = m**2 - 1. Let z be f(2). Suppose -5*n + 2*n - 74 = -5*k, z*k + n - 50 = 0. Suppose -3*r + k = r. Calculate the remainder when 15 is divided by r.
3
Suppose -5*i + 4 = 2*w, 4*w - 4*i = -w - 23. Calculate the remainder when (61/(-4))/(w/12) is divided by 16.
13
Suppose 3*s + 2 = -z - 3*z, 8 = -4*z. What is the remainder when s/(-3) + 584/12 is divided by 10?
8
Let o(r) = -3*r - r - 2*r + 5*r + 4 + r**3 + 4*r**2. Calculate the remainder when o(3) is divided by 13.
12
Let n(r) = 20*r**2 - 5*r + 5. Let t be (2/(-4))/((-1)/4). Let d be n(t). Let m = 182 - d. What is the remainder when m is divided by 27?
26
Let z be (-957)/44*((-240)/(-9))/(-4). Let l = -135 + z. What is the remainder when 28 is divided by l?
8
Suppose 4*d + 15 - 754 = 3*v, 0 = 2*d - 4*v - 382. What is the remainder when d is divided by 23?
20
Suppose 2*q - 4*q = -130. Let u = -93 - -115. What is the remainder when q is divided by u?
21
Let s(f) be the second derivative of -f**4/12 - 19*f**3/6 - 21*f**2/2 + 2*f. What is the remainder when s(-9) is divided by 14?
13
Suppose -2 = 3*v - 23. Let k(m) = 5*m + 73. Calculate the remainder when k(-5) is divided by v.
6
Suppose -2*w = 5*x - 136, 4*x + 2 = 2*w + 100. What is the remainder when 118 is divided by x?
14
Calculate the remainder when -1*-582*4/8 is divided by 50.
41
Suppose 6*v = v - 5*b + 40, v = b - 2. Calculate the remainder when ((-1588)/(-3573))/(1 + 17/(-18)) is divided by v.
2
Let v(y) = y**2 - 10*y - 17. Calculate the remainder when v(-4) is